{"version":"1.0","provider_name":"Jaroslav Bla\u017eek - fotograf","provider_url":"https:\/\/jablkon.eu\/jbl","author_name":"JBla\u017eek","author_url":"https:\/\/jablkon.eu\/jbl\/author\/admin\/","title":"Proj\u00ed\u017e\u010fka \u201eVl\u010dickou lou\u017e\u00ed\u201c aneb 1. m\u00e1j trochu jinak - Jaroslav Bla\u017eek - fotograf","type":"rich","width":600,"height":338,"html":"<blockquote class=\"wp-embedded-content\" data-secret=\"AqlqE8qspI\"><a href=\"https:\/\/jablkon.eu\/jbl\/fotosluzby\/reportaze\/vlcice-traktoriada-2016\/\">Proj\u00ed\u017e\u010fka \u201eVl\u010dickou lou\u017e\u00ed\u201c aneb 1. m\u00e1j trochu jinak<\/a><\/blockquote><iframe sandbox=\"allow-scripts\" security=\"restricted\" src=\"https:\/\/jablkon.eu\/jbl\/fotosluzby\/reportaze\/vlcice-traktoriada-2016\/embed\/#?secret=AqlqE8qspI\" width=\"600\" height=\"338\" title=\"&#8222;Proj\u00ed\u017e\u010fka \u201eVl\u010dickou lou\u017e\u00ed\u201c aneb 1. m\u00e1j trochu jinak&#8220; &#8212; Jaroslav Bla\u017eek - fotograf\" data-secret=\"AqlqE8qspI\" frameborder=\"0\" marginwidth=\"0\" marginheight=\"0\" scrolling=\"no\" class=\"wp-embedded-content\"><\/iframe><script type=\"text\/javascript\">\n\/* <![CDATA[ *\/\n\/*! This file is auto-generated *\/\n!function(d,l){\"use strict\";l.querySelector&&d.addEventListener&&\"undefined\"!=typeof URL&&(d.wp=d.wp||{},d.wp.receiveEmbedMessage||(d.wp.receiveEmbedMessage=function(e){var t=e.data;if((t||t.secret||t.message||t.value)&&!\/[^a-zA-Z0-9]\/.test(t.secret)){for(var s,r,n,a=l.querySelectorAll('iframe[data-secret=\"'+t.secret+'\"]'),o=l.querySelectorAll('blockquote[data-secret=\"'+t.secret+'\"]'),c=new RegExp(\"^https?:$\",\"i\"),i=0;i<o.length;i++)o[i].style.display=\"none\";for(i=0;i<a.length;i++)s=a[i],e.source===s.contentWindow&&(s.removeAttribute(\"style\"),\"height\"===t.message?(1e3<(r=parseInt(t.value,10))?r=1e3:~~r<200&&(r=200),s.height=r):\"link\"===t.message&&(r=new URL(s.getAttribute(\"src\")),n=new URL(t.value),c.test(n.protocol))&&n.host===r.host&&l.activeElement===s&&(d.top.location.href=t.value))}},d.addEventListener(\"message\",d.wp.receiveEmbedMessage,!1),l.addEventListener(\"DOMContentLoaded\",function(){for(var e,t,s=l.querySelectorAll(\"iframe.wp-embedded-content\"),r=0;r<s.length;r++)(t=(e=s[r]).getAttribute(\"data-secret\"))||(t=Math.random().toString(36).substring(2,12),e.src+=\"#?secret=\"+t,e.setAttribute(\"data-secret\",t)),e.contentWindow.postMessage({message:\"ready\",secret:t},\"*\")},!1)))}(window,document);\n\/\/# sourceURL=https:\/\/jablkon.eu\/jbl\/wp-includes\/js\/wp-embed.min.js\n\/* ]]> *\/\n<\/script>\n","description":"Prvn\u00ed m\u00e1j letos vy\u0161el na ned\u011bli a samoz\u0159ejm\u011b, \u017ee i letos se v sousedn\u00edch Vl\u010dic\u00edch konal tradi\u010dn\u00ed recesistick\u00fd \u201eM\u00e1jov\u00fd pr\u016fvod\u201c s p\u0159ehl\u00eddkou dom\u00e1c\u00edch zem\u011bd\u011blsk\u00fdch stroj\u016f a r\u016fzn\u00fdch doma vyroben\u00fdch samohyb\u016f. Leto\u0161n\u00ed ro\u010dn\u00edk byl jubilejn\u00ed - ji\u017e des\u00e1t\u00fd."}

Jaroslav Blažek - fotograf

JBlažek

Projížďka „Vlčickou louží“ aneb 1. máj trochu jinak - Jaroslav Blažek - fotograf

<blockquote class="wp-embedded-content" data-secret="AqlqE8qspI"><a href="https://jablkon.eu/jbl/fotosluzby/reportaze/vlcice-traktoriada-2016/">Projížďka „Vlčickou louží“ aneb 1. máj trochu jinak</a></blockquote><iframe sandbox="allow-scripts" security="restricted" src="https://jablkon.eu/jbl/fotosluzby/reportaze/vlcice-traktoriada-2016/embed/#?secret=AqlqE8qspI" width="600" height="338" title="&#8222;Projížďka „Vlčickou louží“ aneb 1. máj trochu jinak&#8220; &#8212; Jaroslav Blažek - fotograf" data-secret="AqlqE8qspI" frameborder="0" marginwidth="0" marginheight="0" scrolling="no" class="wp-embedded-content"></iframe><script type="text/javascript">
/* <![CDATA[ */
/*! This file is auto-generated */
!function(d,l){"use strict";l.querySelector&&d.addEventListener&&"undefined"!=typeof URL&&(d.wp=d.wp||{},d.wp.receiveEmbedMessage||(d.wp.receiveEmbedMessage=function(e){var t=e.data;if((t||t.secret||t.message||t.value)&&!/[^a-zA-Z0-9]/.test(t.secret)){for(var s,r,n,a=l.querySelectorAll('iframe[data-secret="'+t.secret+'"]'),o=l.querySelectorAll('blockquote[data-secret="'+t.secret+'"]'),c=new RegExp("^https?:$","i"),i=0;i<o.length;i++)o[i].style.display="none";for(i=0;i<a.length;i++)s=a[i],e.source===s.contentWindow&&(s.removeAttribute("style"),"height"===t.message?(1e3<(r=parseInt(t.value,10))?r=1e3:~~r<200&&(r=200),s.height=r):"link"===t.message&&(r=new URL(s.getAttribute("src")),n=new URL(t.value),c.test(n.protocol))&&n.host===r.host&&l.activeElement===s&&(d.top.location.href=t.value))}},d.addEventListener("message",d.wp.receiveEmbedMessage,!1),l.addEventListener("DOMContentLoaded",function(){for(var e,t,s=l.querySelectorAll("iframe.wp-embedded-content"),r=0;r<s.length;r++)(t=(e=s[r]).getAttribute("data-secret"))||(t=Math.random().toString(36).substring(2,12),e.src+="#?secret="+t,e.setAttribute("data-secret",t)),e.contentWindow.postMessage({message:"ready",secret:t},"*")},!1)))}(window,document);
//# sourceURL=https://jablkon.eu/jbl/wp-includes/js/wp-embed.min.js
/* ]]> */
</script>

První máj letos vyšel na neděli a samozřejmě, že i letos se v sousedních Vlčicích konal tradiční recesistický „Májový průvod“ s přehlídkou domácích zemědělských strojů a různých doma vyrobených samohybů. Letošní ročník byl jubilejní - již desátý.
