{"id":2244,"date":"2011-06-12T15:11:28","date_gmt":"2011-06-12T13:11:28","guid":{"rendered":"http:\/\/jablkon.eu\/jbl\/?page_id=2244"},"modified":"2023-11-28T22:08:42","modified_gmt":"2023-11-28T21:08:42","slug":"nabidka-foto","status":"publish","type":"page","link":"https:\/\/jablkon.eu\/jbl\/","title":{"rendered":"Fotografie, to jsou trval\u00e9 vzpom\u00ednky na cel\u00fd \u017eivot"},"content":{"rendered":"<p style=\"text-align: justify;\">Nab\u00edz\u00edme V\u00e1m zhotoven\u00ed rodinn\u00fdch fotografi\u00ed v\u010detn\u011b svatebn\u00edch, t\u011bhotensk\u00fdch, novorozeneck\u00fdch, d\u011btsk\u00fdch fotografi\u00ed i fotografi\u00ed cel\u00e9 rodiny. D\u00e1le nab\u00edz\u00edme fotografov\u00e1n\u00ed r\u016fzn\u00fdch akc\u00ed, oslav, firemn\u00edch ve\u010d\u00edrk\u016f, narozenin a dal\u0161\u00edch p\u0159\u00edle\u017eitost\u00ed. Tak\u00e9 fotografujeme exteri\u00e9ry i interi\u00e9ry provozoven, restaurac\u00ed, hotel\u016f i jin\u00fdch prostor\u016f.<\/p>\n<p style=\"text-align: justify;\">ngg_shortcode_0_placeholder<span style=\"color: #ff0000;\"><strong>Fotografov\u00e1n\u00ed svateb<\/strong><\/span> nab\u00edz\u00edme v r\u016fzn\u00fdch variant\u00e1ch, kter\u00e9 jsou obvykle snoubenci po\u017eadov\u00e1ny. Samoz\u0159ejm\u011b v\u017edy zohledn\u00edme individu\u00e1ln\u00ed po\u017eadavky snoubenc\u016f, proto je vhodn\u00e9 se domluvit i na osobn\u00edm setk\u00e1n\u00ed je\u0161t\u011b p\u0159ed fotografov\u00e1n\u00edm. K fotografov\u00e1n\u00ed pou\u017e\u00edv\u00e1me r\u016fzn\u00e9 rekvizity, nap\u0159\u00edklad v\u011bj\u00ed\u0159e (p\u00e9\u0159ov\u00e9 i krajkov\u00e9), de\u0161tn\u00ed\u010dek, de\u0161tn\u00edky, boa v r\u016fzn\u00fdch barv\u00e1ch, a dal\u0161\u00ed. Doporu\u010duji V\u00e1m si prohl\u00e9dnout <a title=\"Svatebn\u00ed fotografie\" href=\"https:\/\/jablkon.eu\/jbl\/nabidka-svatebni-fotografie\/\"><span style=\"color: #ffff00;\">podrobn\u011bj\u0161\u00ed informace <em>(s cen\u00edkem)<\/em><\/span><\/a> a <a title=\"Uk\u00e1zky svatebn\u00edch fotografi\u00ed\" href=\"https:\/\/jablkon.eu\/jbl\/category\/fotosluzby\/svatebnifoto\/\"><span style=\"color: #ffff00;\">uk\u00e1zky<\/span><\/a> svatebn\u00edch fotografi\u00ed.<\/p>\n<p style=\"text-align: justify;\">Na svatby je mo\u017en\u00e9 p\u0159ipravit <span style=\"color: #ff0000;\"><strong>p\u0159enosn\u00fd ateli\u00e9r<\/strong><\/span> s obsluhou <em>(n\u011bkdo mu tak\u00e9 \u0159\u00edk\u00e1 &#8222;fotokoutek&#8220;)<\/em>, ve kter\u00e9m je p\u0159ipravena \u0159ada rekvizit <em>(klobouky, v\u011bj\u00ed\u0159e, boa, de\u0161tn\u00ed\u010dky a \u0159ada dal\u0161\u00edch rekvizit)<\/em>. V p\u0159\u00edpad\u011b z\u00e1jmu V\u00e1m fotografie m\u016f\u017eeme na m\u00edst\u011b hned na minilabu vytisknout, tak\u017ee si n\u00e1v\u0161t\u011bvn\u00edci odnesou vzpom\u00ednku na hezk\u00fd den. Pro mobiln\u00ed atelier, ale pot\u0159ebuje m\u00edsto pro um\u00edst\u011bn\u00ed s p\u0159\u00edvodem elektrick\u00e9 energie pro tisk\u00e1rnu a po\u010d\u00edta\u010d, proto je nutn\u00e9 tento po\u017eadavek uv\u00e9st hned p\u0159i objedn\u00e1n\u00ed fotografov\u00e1n\u00ed. Zde je <a title=\"Uk\u00e1zka fotografi\u00ed z mobiln\u00edho atelieru\" href=\"https:\/\/jablkon.eu\/jbl\/fotosluzby\/mdz-2014\/\"><span style=\"color: #ffff00;\">uk\u00e1zka<\/span><\/a> fotografi\u00ed.<\/p>\n<p style=\"text-align: justify;\">P\u0159ed fotografov\u00e1n\u00edm Va\u0161\u00ed svatby je mo\u017en\u00e9 vytvo\u0159it je\u0161t\u011b n\u011bkolik <strong><span style=\"color: #ff0000;\">p\u0159edsvatebn\u00edch fotografi\u00ed<\/span><\/strong>, kter\u00e9 m\u016f\u017eete pou\u017e\u00edt t\u0159eba na osobit\u00e9 svatebn\u00ed pozv\u00e1nky nebo je m\u016f\u017eete d\u00e1t na za\u010d\u00e1tek svatebn\u00edho alba nebo &#8230; to u\u017e z\u00e1le\u017e\u00ed jen na Va\u0161\u00ed fantazii.<\/p>\n<p style=\"text-align: justify;\">ngg_shortcode_1_placeholderKdy\u017e \u010dek\u00e1te miminko, po\u0159\u00edd\u00edme V\u00e1m n\u011bkolik <span style=\"color: #ff0000;\"><strong>t\u011bhotensk\u00fdch fotografi\u00ed<\/strong><\/span>. Z\u00e1le\u017e\u00ed jen na V\u00e1s, zda-li se nech\u00e1te vyfotografovat s budouc\u00edm tat\u00ednkem nebo budete cht\u00edt rodinu p\u0159ekvapit a nech\u00e1te se vyfotit sama. P\u0159i <span style=\"color: #ffff00;\"><a title=\"T\u011bhotensk\u00e9 fotografie\" href=\"https:\/\/jablkon.eu\/jbl\/fotosluzby\/foto-tehotenske\/\"><span style=\"color: #ffff00;\">fotografov\u00e1n\u00ed <em>(cen\u00edk)<\/em><\/span><\/a><\/span> op\u011bt pou\u017e\u00edv\u00e1me \u0159adu rekvizit.<\/p>\n<p style=\"text-align: justify;\">ngg_shortcode_2_placeholderKdy\u017e se miminko narod\u00ed, je to velk\u00e1 a kr\u00e1sn\u00e1 ud\u00e1lost v \u017eivot\u011b cel\u00e9 rodiny, kter\u00e1 V\u00e1m ovlivn\u00ed cel\u00fd n\u00e1sleduj\u00edc\u00ed \u017eivot. Miminko, ale velmi rychle roste, a je proto velmi vhodn\u00e9 po\u0159\u00eddit prvn\u00ed fotografie ji\u017e b\u011bhem prvn\u00edch t\u00fddn\u016f jeho \u017eivota. Pokud tyto prvn\u00ed t\u00fddny prome\u0161k\u00e1te, ji\u017e nikdy se takov\u00e9 fotografie po\u0159\u00eddit nepoda\u0159\u00ed, proto\u017ee v prvn\u00edch t\u00fddnech miminka rostou velmi rychle, n\u011bkter\u00e9 fotografie se proto pozd\u011bji po\u0159\u00eddit prost\u011b nedaj\u00ed. Na <span style=\"color: #ff0000;\"><strong>fotografie miminek<\/strong><\/span> se m\u016f\u017eete pod\u00edvat <a title=\"Miminka\" href=\"https:\/\/jablkon.eu\/jbl\/tag\/mimino\/\"><span style=\"color: #ffff00;\">zde<\/span><\/a>.<\/p>\n<p style=\"text-align: justify;\">ngg_shortcode_3_placeholderKdy\u017e d\u011bti pozd\u011bji odrostou lze je fotit samostatn\u011b, p\u0159\u00edpadn\u011b se sourozenci \u010di kamar\u00e1dy a samoz\u0159ejm\u011b tak\u00e9 s V\u00e1mi &#8211; jejich rodi\u010di. K tomuto fotografov\u00e1n\u00ed tak\u00e9 pou\u017e\u00edv\u00e1me celou \u0159adu rekvizit. Je ale vhodn\u00e9, pokud si na fotografov\u00e1n\u00ed p\u0159inesete n\u011bjakou obl\u00edbenou hra\u010dku d\u00edt\u011bte.\u00a0Klidn\u011b i\u00a0m\u00e9n\u011b obvyklou hra\u010dku, t\u0159eba pokli\u010dky na hrnec (i hrnec), va\u0159e\u010dku, kor\u00e1lky, knofl\u00edky, ko\u0161\u00ed\u010dky i v\u011bt\u0161\u00ed ko\u0161\u00edk \u010di velk\u00fd ko\u0161, star\u00fd klobouk, h\u016flku nebo cokoli jin\u00e9ho, k \u010demu maj\u00ed Va\u0161e d\u011bti vztah.\u00a0\u00a0Na <span style=\"color: #ff0000;\"><strong>fotografov\u00e1n\u00ed d\u011bt\u00ed<\/strong><\/span>, zvl\u00e1\u0161t\u011b men\u0161\u00edch, je pot\u0159eba si vy\u010dlenit v\u00edce \u010dasu, aby se d\u011bti trochu &#8222;rozkoukaly&#8220; a <a title=\"fotografie d\u011bt\u00ed\" href=\"https:\/\/jablkon.eu\/jbl\/tag\/deti\/\"><span style=\"color: #ffff00;\">fotografie<\/span><\/a> z\u00edskaly na zaj\u00edmavosti. Pro men\u0161\u00ed d\u011bti nezapome\u0148te vz\u00edt n\u011bjakou sva\u010dinku a pit\u00ed.<\/p>\n<p style=\"text-align: justify;\">P\u0159i po\u0159izov\u00e1n\u00ed <span style=\"color: #ff0000;\"><strong>rodinn\u00e9 fotografie <\/strong><\/span>je vhodn\u00e9\u00a0celou rodinu sladit do stejn\u00fdch barev nebo\u00a0barev podobn\u00fdch odst\u00edn\u016f.\u00a0Vhodn\u00e9 jsou nap\u0159\u00edklad rifle, jednobarevn\u00e1 tri\u010dka \u010di ko\u0161ile,\u00a0vhodn\u011bj\u0161\u00ed jsou tri\u010dka\u00a0bez r\u016fzn\u00fdch reklamn\u00edch n\u00e1pis\u016f a v\u00fdrazn\u00fdch obr\u00e1zk\u016f. Pro maminky a hol\u010di\u010dky doporu\u010duji letn\u00ed \u0161aty, r\u016fzn\u00e9 suk\u00fdnky a ozd\u016fbky \u2013 n\u00e1ramky na ruku, kor\u00e1le, n\u00e1hrdeln\u00edky, n\u00e1u\u0161nice (i velk\u00e9), sponky do vlas\u016f. Kluci si zase mohou vz\u00edt obl\u00edben\u00fd m\u00ed\u010d nebo jin\u00e9 vhodn\u00e9 sportovn\u00ed n\u00e1\u010din\u00ed.<\/p>\n<p>Na v\u0161echny <span style=\"color: #ff0000;\"><strong>rodinn\u00e9 fotografie<\/strong><\/span> se m\u016f\u017eete pod\u00edvat <a title=\"Rodinn\u00e9 foto\" href=\"https:\/\/jablkon.eu\/jbl\/tag\/rodina\/\"><span style=\"color: #ffff00;\">zde<\/span><\/a> a cen\u00edk naleznete <a title=\"Cen\u00edk \u2013 rodinn\u00e1 a d\u011btsk\u00e1 fotografie\" href=\"https:\/\/jablkon.eu\/jbl\/o-me\/cenik-rodinna-fotografie\/\"><span style=\"color: #ffff00;\">zde<\/span><\/a>.<\/p>\n<p>ngg_shortcode_4_placeholderNakonec je\u0161t\u011b <a title=\"Skupinov\u00e1 fotografie\" href=\"https:\/\/jablkon.eu\/jbl\/fotosluzby\/foto-skupiny\/\"><span style=\"color: #ffff00;\">uk\u00e1zka<\/span><\/a> <span style=\"color: #ff0000;\"><strong>skupinov\u00fdch fotografi\u00ed<\/strong><\/span> &#8211; fotografujeme \u0161koly, \u0161kolky, sportovn\u00ed kluby, tane\u010dn\u00ed, \u0161koln\u00ed tabla a podobn\u011b.<\/p>\n<p style=\"text-align: justify;\">Nej\u010dast\u011bji p\u016fsob\u00edme v oblasti Trutnova, Hradce Kr\u00e1lov\u00e9 a na Kol\u00ednsku a Kutnohorsku. V p\u0159\u00edpad\u011b, \u017ee je k cen\u011b p\u0159ipo\u010d\u00edt\u00e1v\u00e1no cestovn\u00e9 je po\u010d\u00edt\u00e1no z Piln\u00edkova <em>(v okruhu 15 km od Piln\u00edkova je doprava zdarma)<\/em> nebo z Kol\u00edna <em>(v okruhu 15 km od Kol\u00edna je doprava zdarma (pozn\u00e1mka: to znamen\u00e1 i doprava do Kutn\u00e9 Hory je zdarma))<\/em>.<\/p>\n<h3>Souvisej\u00edc\u00ed obr\u00e1zky:<\/h3>","protected":false},"excerpt":{"rendered":"<p>Nab\u00edz\u00edme V\u00e1m zhotoven\u00ed rodinn\u00fdch fotografi\u00ed v\u010detn\u011b svatebn\u00edch, t\u011bhotensk\u00fdch, novorozeneck\u00fdch, d\u011btsk\u00fdch fotografi\u00ed i fotografi\u00ed cel\u00e9 rodiny. D\u00e1le nab\u00edz\u00edme fotografov\u00e1n\u00ed r\u016fzn\u00fdch akc\u00ed, oslav, firemn\u00edch ve\u010d\u00edrk\u016f, narozenin a dal\u0161\u00edch p\u0159\u00edle\u017eitost\u00ed. Tak\u00e9 fotografujeme exteri\u00e9ry i interi\u00e9ry provozoven, restaurac\u00ed, hotel\u016f i jin\u00fdch prostor\u016f. Fotografov\u00e1n\u00ed svateb &hellip; <a href=\"https:\/\/jablkon.eu\/jbl\/\">Cel\u00fd p\u0159\u00edsp\u011bvek <span class=\"meta-nav\">&rarr;<\/span><\/a><\/p>\n","protected":false},"author":1,"featured_media":0,"parent":0,"menu_order":2,"comment_status":"open","ping_status":"closed","template":"","meta":{"ngg_post_thumbnail":7235,"footnotes":""},"class_list":["post-2244","page","type-page","status-publish","hentry"],"yoast_head":"<!-- This site is optimized with the Yoast SEO plugin v27.4 - https:\/\/yoast.com\/product\/yoast-seo-wordpress\/ -->\n<title>Jaroslav Bla\u017eek - fotograf: Fotografie, to jsou trval\u00e9 vzpom\u00ednky na cel\u00fd \u017eivot<\/title>\n<meta name=\"description\" content=\"Fotografick\u00e9 slu\u017eby - svatebn\u00ed, rodinn\u00e1 a portr\u00e9tn\u00ed fotografie, report\u00e1\u017ee; Photographic work - wedding, family and portrait photography, reportage\" \/>\n<meta name=\"robots\" content=\"index, follow, max-snippet:-1, max-image-preview:large, max-video-preview:-1\" \/>\n<link rel=\"canonical\" href=\"https:\/\/jablkon.eu\/jbl\/\" \/>\n<meta property=\"og:locale\" content=\"cs_CZ\" \/>\n<meta property=\"og:type\" content=\"article\" \/>\n<meta property=\"og:title\" content=\"Jaroslav Bla\u017eek - fotograf: Fotografie, to jsou trval\u00e9 vzpom\u00ednky na cel\u00fd \u017eivot\" \/>\n<meta property=\"og:description\" content=\"Fotografick\u00e9 slu\u017eby - svatebn\u00ed, rodinn\u00e1 a portr\u00e9tn\u00ed fotografie, report\u00e1\u017ee; Photographic work - wedding, family and portrait photography, reportage\" \/>\n<meta property=\"og:url\" content=\"https:\/\/jablkon.eu\/jbl\/\" \/>\n<meta property=\"og:site_name\" content=\"Jaroslav Bla\u017eek - fotograf\" \/>\n<meta property=\"article:modified_time\" content=\"2023-11-28T21:08:42+00:00\" \/>\n<meta property=\"og:image\" content=\"https:\/\/jablkon.eu\/jbl\/wp-content\/uploads\/2023\/11\/nggallery_import\/20231125-161037.jpg\" \/>\n\t<meta property=\"og:image:width\" content=\"1500\" \/>\n\t<meta property=\"og:image:height\" content=\"1014\" \/>\n\t<meta property=\"og:image:type\" content=\"image\/jpeg\" \/>\n<meta name=\"twitter:label1\" content=\"Odhadovan\u00e1 doba \u010dten\u00ed\" \/>\n\t<meta name=\"twitter:data1\" content=\"4 minuty\" \/>\n<script type=\"application\/ld+json\" class=\"yoast-schema-graph\">{\"@context\":\"https:\\\/\\\/schema.org\",\"@graph\":[{\"@type\":\"WebPage\",\"@id\":\"https:\\\/\\\/jablkon.eu\\\/jbl\\\/\",\"url\":\"https:\\\/\\\/jablkon.eu\\\/jbl\\\/\",\"name\":\"Jaroslav Bla\u017eek - fotograf: Fotografie, to jsou trval\u00e9 vzpom\u00ednky na cel\u00fd \u017eivot\",\"isPartOf\":{\"@id\":\"https:\\\/\\\/jablkon.eu\\\/jbl\\\/#website\"},\"datePublished\":\"2011-06-12T13:11:28+00:00\",\"dateModified\":\"2023-11-28T21:08:42+00:00\",\"description\":\"Fotografick\u00e9 slu\u017eby - svatebn\u00ed, rodinn\u00e1 a portr\u00e9tn\u00ed fotografie, report\u00e1\u017ee; Photographic work - wedding, family and portrait photography, reportage\",\"breadcrumb\":{\"@id\":\"https:\\\/\\\/jablkon.eu\\\/jbl\\\/#breadcrumb\"},\"inLanguage\":\"cs\",\"potentialAction\":[{\"@type\":\"ReadAction\",\"target\":[\"https:\\\/\\\/jablkon.eu\\\/jbl\\\/\"]}]},{\"@type\":\"BreadcrumbList\",\"@id\":\"https:\\\/\\\/jablkon.eu\\\/jbl\\\/#breadcrumb\",\"itemListElement\":[{\"@type\":\"ListItem\",\"position\":1,\"name\":\"Dom\u016f\",\"item\":\"https:\\\/\\\/jablkon.eu\\\/jbl\\\/\"},{\"@type\":\"ListItem\",\"position\":2,\"name\":\"Fotografie, to jsou trval\u00e9 vzpom\u00ednky na cel\u00fd \u017eivot\"}]},{\"@type\":\"WebSite\",\"@id\":\"https:\\\/\\\/jablkon.eu\\\/jbl\\\/#website\",\"url\":\"https:\\\/\\\/jablkon.eu\\\/jbl\\\/\",\"name\":\"Jaroslav Bla\u017eek - fotograf\",\"description\":\"Fotografick\u00e9 pr\u00e1ce - svatebn\u00ed, rodinn\u00e1 a portr\u00e9tn\u00ed fotografie, report\u00e1\u017ee\",\"publisher\":{\"@id\":\"https:\\\/\\\/jablkon.eu\\\/jbl\\\/#\\\/schema\\\/person\\\/4984d4e992f073207f693460109eac25\"},\"potentialAction\":[{\"@type\":\"SearchAction\",\"target\":{\"@type\":\"EntryPoint\",\"urlTemplate\":\"https:\\\/\\\/jablkon.eu\\\/jbl\\\/?s={search_term_string}\"},\"query-input\":{\"@type\":\"PropertyValueSpecification\",\"valueRequired\":true,\"valueName\":\"search_term_string\"}}],\"inLanguage\":\"cs\"},{\"@type\":[\"Person\",\"Organization\"],\"@id\":\"https:\\\/\\\/jablkon.eu\\\/jbl\\\/#\\\/schema\\\/person\\\/4984d4e992f073207f693460109eac25\",\"name\":\"JBla\u017eek\",\"image\":{\"@type\":\"ImageObject\",\"inLanguage\":\"cs\",\"@id\":\"https:\\\/\\\/secure.gravatar.com\\\/avatar\\\/c014bb8932a8609c14cf90b1aebdc83197cddda4aa4e3e599f1e0016a63d942e?s=96&d=mm&r=g\",\"url\":\"https:\\\/\\\/secure.gravatar.com\\\/avatar\\\/c014bb8932a8609c14cf90b1aebdc83197cddda4aa4e3e599f1e0016a63d942e?s=96&d=mm&r=g\",\"contentUrl\":\"https:\\\/\\\/secure.gravatar.com\\\/avatar\\\/c014bb8932a8609c14cf90b1aebdc83197cddda4aa4e3e599f1e0016a63d942e?s=96&d=mm&r=g\",\"caption\":\"JBla\u017eek\"},\"logo\":{\"@id\":\"https:\\\/\\\/secure.gravatar.com\\\/avatar\\\/c014bb8932a8609c14cf90b1aebdc83197cddda4aa4e3e599f1e0016a63d942e?s=96&d=mm&r=g\"},\"sameAs\":[\"http:\\\/\\\/foto.jablkon.cz\"]}]}<\/script>\n<!-- \/ Yoast SEO plugin. -->","yoast_head_json":{"title":"Jaroslav Bla\u017eek - fotograf: Fotografie, to jsou trval\u00e9 vzpom\u00ednky na cel\u00fd \u017eivot","description":"Fotografick\u00e9 slu\u017eby - svatebn\u00ed, rodinn\u00e1 a portr\u00e9tn\u00ed fotografie, report\u00e1\u017ee; Photographic work - wedding, family and portrait photography, reportage","robots":{"index":"index","follow":"follow","max-snippet":"max-snippet:-1","max-image-preview":"max-image-preview:large","max-video-preview":"max-video-preview:-1"},"canonical":"https:\/\/jablkon.eu\/jbl\/","og_locale":"cs_CZ","og_type":"article","og_title":"Jaroslav Bla\u017eek - fotograf: Fotografie, to jsou trval\u00e9 vzpom\u00ednky na cel\u00fd \u017eivot","og_description":"Fotografick\u00e9 slu\u017eby - svatebn\u00ed, rodinn\u00e1 a portr\u00e9tn\u00ed fotografie, report\u00e1\u017ee; Photographic work - wedding, family and portrait photography, reportage","og_url":"https:\/\/jablkon.eu\/jbl\/","og_site_name":"Jaroslav Bla\u017eek - fotograf","article_modified_time":"2023-11-28T21:08:42+00:00","og_image":[{"width":1500,"height":1014,"url":"https:\/\/jablkon.eu\/jbl\/wp-content\/uploads\/2023\/11\/nggallery_import\/20231125-161037.jpg","type":"image\/jpeg"}],"twitter_misc":{"Odhadovan\u00e1 doba \u010dten\u00ed":"4 minuty"},"schema":{"@context":"https:\/\/schema.org","@graph":[{"@type":"WebPage","@id":"https:\/\/jablkon.eu\/jbl\/","url":"https:\/\/jablkon.eu\/jbl\/","name":"Jaroslav Bla\u017eek - fotograf: Fotografie, to jsou trval\u00e9 vzpom\u00ednky na cel\u00fd \u017eivot","isPartOf":{"@id":"https:\/\/jablkon.eu\/jbl\/#website"},"datePublished":"2011-06-12T13:11:28+00:00","dateModified":"2023-11-28T21:08:42+00:00","description":"Fotografick\u00e9 slu\u017eby - svatebn\u00ed, rodinn\u00e1 a portr\u00e9tn\u00ed fotografie, report\u00e1\u017ee; Photographic work - wedding, family and portrait photography, reportage","breadcrumb":{"@id":"https:\/\/jablkon.eu\/jbl\/#breadcrumb"},"inLanguage":"cs","potentialAction":[{"@type":"ReadAction","target":["https:\/\/jablkon.eu\/jbl\/"]}]},{"@type":"BreadcrumbList","@id":"https:\/\/jablkon.eu\/jbl\/#breadcrumb","itemListElement":[{"@type":"ListItem","position":1,"name":"Dom\u016f","item":"https:\/\/jablkon.eu\/jbl\/"},{"@type":"ListItem","position":2,"name":"Fotografie, to jsou trval\u00e9 vzpom\u00ednky na cel\u00fd \u017eivot"}]},{"@type":"WebSite","@id":"https:\/\/jablkon.eu\/jbl\/#website","url":"https:\/\/jablkon.eu\/jbl\/","name":"Jaroslav Bla\u017eek - fotograf","description":"Fotografick\u00e9 pr\u00e1ce - svatebn\u00ed, rodinn\u00e1 a portr\u00e9tn\u00ed fotografie, report\u00e1\u017ee","publisher":{"@id":"https:\/\/jablkon.eu\/jbl\/#\/schema\/person\/4984d4e992f073207f693460109eac25"},"potentialAction":[{"@type":"SearchAction","target":{"@type":"EntryPoint","urlTemplate":"https:\/\/jablkon.eu\/jbl\/?s={search_term_string}"},"query-input":{"@type":"PropertyValueSpecification","valueRequired":true,"valueName":"search_term_string"}}],"inLanguage":"cs"},{"@type":["Person","Organization"],"@id":"https:\/\/jablkon.eu\/jbl\/#\/schema\/person\/4984d4e992f073207f693460109eac25","name":"JBla\u017eek","image":{"@type":"ImageObject","inLanguage":"cs","@id":"https:\/\/secure.gravatar.com\/avatar\/c014bb8932a8609c14cf90b1aebdc83197cddda4aa4e3e599f1e0016a63d942e?s=96&d=mm&r=g","url":"https:\/\/secure.gravatar.com\/avatar\/c014bb8932a8609c14cf90b1aebdc83197cddda4aa4e3e599f1e0016a63d942e?s=96&d=mm&r=g","contentUrl":"https:\/\/secure.gravatar.com\/avatar\/c014bb8932a8609c14cf90b1aebdc83197cddda4aa4e3e599f1e0016a63d942e?s=96&d=mm&r=g","caption":"JBla\u017eek"},"logo":{"@id":"https:\/\/secure.gravatar.com\/avatar\/c014bb8932a8609c14cf90b1aebdc83197cddda4aa4e3e599f1e0016a63d942e?s=96&d=mm&r=g"},"sameAs":["http:\/\/foto.jablkon.cz"]}]}},"_links":{"self":[{"href":"https:\/\/jablkon.eu\/jbl\/wp-json\/wp\/v2\/pages\/2244","targetHints":{"allow":["GET"]}}],"collection":[{"href":"https:\/\/jablkon.eu\/jbl\/wp-json\/wp\/v2\/pages"}],"about":[{"href":"https:\/\/jablkon.eu\/jbl\/wp-json\/wp\/v2\/types\/page"}],"author":[{"embeddable":true,"href":"https:\/\/jablkon.eu\/jbl\/wp-json\/wp\/v2\/users\/1"}],"replies":[{"embeddable":true,"href":"https:\/\/jablkon.eu\/jbl\/wp-json\/wp\/v2\/comments?post=2244"}],"version-history":[{"count":0,"href":"https:\/\/jablkon.eu\/jbl\/wp-json\/wp\/v2\/pages\/2244\/revisions"}],"wp:attachment":[{"href":"https:\/\/jablkon.eu\/jbl\/wp-json\/wp\/v2\/media?parent=2244"}],"curies":[{"name":"wp","href":"https:\/\/api.w.org\/{rel}","templated":true}]}}